{"id":400,"date":"2025-09-29T14:41:15","date_gmt":"2025-09-29T14:41:15","guid":{"rendered":"https:\/\/tentetiesoediciones.es\/?post_type=product&#038;p=400"},"modified":"2025-12-19T21:13:03","modified_gmt":"2025-12-19T21:13:03","slug":"manual-para-salvar-el-mundo-y-reconquistar-a-tu-ex","status":"publish","type":"product","link":"https:\/\/tentetiesoediciones.es\/?product=manual-para-salvar-el-mundo-y-reconquistar-a-tu-ex","title":{"rendered":"Manual para salvar el mundo (y reconquistar a tu ex)"},"content":{"rendered":"<p>T\u00edtulo: Manual para salvar el mundo (y reconquistar a tu ex)<br \/>\nAutora: Ginny Light<br \/>\nFormatos: Tapa blanda con solapas, 912 p\u00e1ginas, 14\u20198x21cm.<br \/>\nG\u00e9neros: Fantas\u00eda, Ciencia ficci\u00f3n, Romance<br \/>\nISBN:9788409766086<\/p>\n","protected":false},"excerpt":{"rendered":"<p><span class=\"Formatted\">Salvar la ciudad de un ataque catastr\u00f3fico es dif\u00edcil. Sobrevivir a las reuniones de profesores de la Academia de H\u00e9roes (ADH) con tu ex, es casi imposible.<\/span><\/p>\n<p><span class=\"Formatted\">Aurore Yoshida y Jacob Edevane sol\u00edan ser el equipo perfecto: compa\u00f1eros de batalla, mejores amigos y, quiz\u00e1s, algo m\u00e1s. Pero todo se fue al garete cuando Jacob la traicion\u00f3 \u2014seg\u00fan Aurore\u2014 o cuando Aurore decidi\u00f3 alejarse \u2014seg\u00fan Jacob\u2014. Ahora, \u00e9l es el h\u00e9roe n\u00famero uno, ella ha perdido toda fe en s\u00ed misma y, para empeorar las cosas, tendr\u00e1n que dar clase a una panda de adolescentes con poderes.<\/span><span class=\"Formatted\">Con una nueva amenaza cerni\u00e9ndose sobre la ciudad, Aurore y Jacob deber\u00e1n unir fuerzas una vez m\u00e1s. <\/span><\/p>\n<p><span class=\"Formatted\">Aunque Aurore preferir\u00eda enfrentarse a un ej\u00e9rcito de robots asesinos antes que darle la raz\u00f3n a Jacob.<\/span><span class=\"Formatted\">Entre misiones ca\u00f3ticas, clases descontroladas y sentimientos que se niegan a morir, tendr\u00e1n que descubrir si pueden salvar la ciudad sin matarse entre ellos en el intento\u2026 o si, con un poco de suerte, pueden recuperar algo de lo que fueron.<\/span><\/p>\n","protected":false},"featured_media":420,"comment_status":"open","ping_status":"closed","template":"","meta":{"site-sidebar-layout":"default","site-content-layout":"","ast-site-content-layout":"default","site-content-style":"default","site-sidebar-style":"default","ast-global-header-display":"","ast-banner-title-visibility":"","ast-main-header-display":"","ast-hfb-above-header-display":"","ast-hfb-below-header-display":"","ast-hfb-mobile-header-display":"","site-post-title":"","ast-breadcrumbs-content":"","ast-featured-img":"","footer-sml-layout":"","ast-disable-related-posts":"","theme-transparent-header-meta":"default","adv-header-id-meta":"","stick-header-meta":"","header-above-stick-meta":"","header-main-stick-meta":"","header-below-stick-meta":"","astra-migrate-meta-layouts":"set","ast-page-background-enabled":"default","ast-page-background-meta":{"desktop":{"background-color":"var(--ast-global-color-5)","background-image":"","background-repeat":"repeat","background-position":"center center","background-size":"auto","background-attachment":"scroll","background-type":"","background-media":"","overlay-type":"","overlay-color":"","overlay-opacity":"","overlay-gradient":""},"tablet":{"background-color":"","background-image":"","background-repeat":"repeat","background-position":"center center","background-size":"auto","background-attachment":"scroll","background-type":"","background-media":"","overlay-type":"","overlay-color":"","overlay-opacity":"","overlay-gradient":""},"mobile":{"background-color":"","background-image":"","background-repeat":"repeat","background-position":"center center","background-size":"auto","background-attachment":"scroll","background-type":"","background-media":"","overlay-type":"","overlay-color":"","overlay-opacity":"","overlay-gradient":""}},"ast-content-background-meta":{"desktop":{"background-color":"var(--ast-global-color-4)","background-image":"","background-repeat":"repeat","background-position":"center center","background-size":"auto","background-attachment":"scroll","background-type":"","background-media":"","overlay-type":"","overlay-color":"","overlay-opacity":"","overlay-gradient":""},"tablet":{"background-color":"var(--ast-global-color-4)","background-image":"","background-repeat":"repeat","background-position":"center center","background-size":"auto","background-attachment":"scroll","background-type":"","background-media":"","overlay-type":"","overlay-color":"","overlay-opacity":"","overlay-gradient":""},"mobile":{"background-color":"var(--ast-global-color-4)","background-image":"","background-repeat":"repeat","background-position":"center center","background-size":"auto","background-attachment":"scroll","background-type":"","background-media":"","overlay-type":"","overlay-color":"","overlay-opacity":"","overlay-gradient":""}}},"product_brand":[],"product_cat":[30],"product_tag":[35,32,33,34,36],"class_list":{"0":"post-400","1":"product","2":"type-product","3":"status-publish","4":"has-post-thumbnail","6":"product_cat-libros","7":"product_tag-ciencia-ficcion","8":"product_tag-libro","9":"product_tag-libros","10":"product_tag-romance","11":"product_tag-superheroes","12":"desktop-align-center","13":"tablet-align-left","14":"mobile-align-left","16":"first","17":"instock","18":"shipping-taxable","19":"purchasable","20":"product-type-variable"},"_links":{"self":[{"href":"https:\/\/tentetiesoediciones.es\/index.php?rest_route=\/wp\/v2\/product\/400","targetHints":{"allow":["GET"]}}],"collection":[{"href":"https:\/\/tentetiesoediciones.es\/index.php?rest_route=\/wp\/v2\/product"}],"about":[{"href":"https:\/\/tentetiesoediciones.es\/index.php?rest_route=\/wp\/v2\/types\/product"}],"replies":[{"embeddable":true,"href":"https:\/\/tentetiesoediciones.es\/index.php?rest_route=%2Fwp%2Fv2%2Fcomments&post=400"}],"wp:featuredmedia":[{"embeddable":true,"href":"https:\/\/tentetiesoediciones.es\/index.php?rest_route=\/wp\/v2\/media\/420"}],"wp:attachment":[{"href":"https:\/\/tentetiesoediciones.es\/index.php?rest_route=%2Fwp%2Fv2%2Fmedia&parent=400"}],"wp:term":[{"taxonomy":"product_brand","embeddable":true,"href":"https:\/\/tentetiesoediciones.es\/index.php?rest_route=%2Fwp%2Fv2%2Fproduct_brand&post=400"},{"taxonomy":"product_cat","embeddable":true,"href":"https:\/\/tentetiesoediciones.es\/index.php?rest_route=%2Fwp%2Fv2%2Fproduct_cat&post=400"},{"taxonomy":"product_tag","embeddable":true,"href":"https:\/\/tentetiesoediciones.es\/index.php?rest_route=%2Fwp%2Fv2%2Fproduct_tag&post=400"}],"curies":[{"name":"wp","href":"https:\/\/api.w.org\/{rel}","templated":true}]}}